 are the prime factors of i(3)?
2, 3, 5
Let b(q) = -4*q**3 - q**2. Let v be b(-1). Suppose -20 = -3*u + 5*f + v, f + 8 = 4*u. Let r = u - -1. What are the prime factors of r?
2
Let b(r) = 8*r + 4. Let a be b(4). Let u = a - 26. What are the prime factors of u?
2, 5
What are the prime factors of (-12)/(0 - -3) - -59?
5, 11
Let b be -4 - -6 - 1*7. Let x = -2 + 9. Let p = b + x. What are the prime factors of p?
2
Suppose 0 = -71*f + 72*f - 42. List the prime factors of f.
2, 3, 7
Let n = -56 + 87. List the prime factors of n.
31
Suppose -i = -0*i - 1. List the prime factors of (13/(-4))/(i/(-4)).
13
Let l be ((-4)/1)/((-2)/2). List the prime factors of (4 + -5)*l/(-1).
2
Let h be 1/(-2 + 51/24). Suppose 2*s - 22 = -h. Suppose s*q + g - 44 = 3*q, 3*g = -3*q + 24. What are the prime factors of q?
2, 3
Suppose 3*k = 7 - 1, -3*q + 4*k + 403 = 0. List the prime factors of q.
137
Suppose 1113 = -17*n + 24*n. What are the prime factors of n?
3, 53
Let p(l) = -l**3 + l**2 - l - 1. Let a be p(-1). Suppose o + a*q + 3*q - 23 = 0, 3*o - 2*q = -16. List the prime factors of ((-4)/8)/(o/48).
2, 3
Let q(h) = h**2 + 7*h - 6. List the prime factors of q(-10).
2, 3
Let x = -5 - -12. Let n(m) = -m**3 + 8*m**2 - 5*m + 9. List the prime factors of n(x).
23
Let k(j) = -6*j + 6. What are the prime factors of k(-8)?
2, 3
Suppose 5*t = 7 - 2, -2*u + 30 = -2*t. List the prime factors of u.
2
Suppose 0 = -v - 4, 0*p + 2*v + 124 = -4*p. Suppose 3*x + 63 = -57. Let n = p - x. List the prime factors of n.
11
Suppose 3*u + 3*b + 737 = 7*u, 2*u - 366 = 4*b. What are the prime factors of u?
5, 37
Suppose 6*p - p - 365 = 0. What are the prime factors of p?
73
Suppose -4*r = -50 - 6. Let z = 16 + r. List the prime factors of z.
2, 3, 5
Let l(b) = -4*b + 4. Let z be l(3). Let g = 28 + z. What are the prime factors of g?
2, 5
Let y(a) = a**2 - 4*a + a + 4 + 0*a. List the prime factors of y(5).
2, 7
Suppose -n + 15 = -5. Suppose -4*z = 72 - n. Let q = z - -18. What are the prime factors of q?
5
Suppose 2*r + 3*o = 348, -4*r + 2*o + 754 = 90. What are the prime factors of r?
2, 3, 7
Let g(c) = c**3 - 10*c**2 + 10*c - 2. Let p(o) = -o - 5. Let v(z) = 2*z + 9. Let h(i) = -9*p(i) - 4*v(i). Let n be h(0). What are the prime factors of g(n)?
7
Let o = -9 - -49. List the prime factors of o.
2, 5
List the prime factors of (-6)/(-14) + (-19227)/(-119).
2, 3
Let s be 3/(-2)*4/(-2). Suppose -s*g = -g. Suppose g = -2*a - 3*a + 30. What are the prime factors of a?
2, 3
Suppose -3*g + 140 = 2*g. List the prime factors of g*(2/(-4) + 1).
2, 7
Let h = 8 - 25. Let w = -15 - h. List the prime factors of w.
2
Suppose f + 3*f = 5*l + 100, -4*f = 5*l - 60. List the prime factors of f.
2, 5
Suppose 5*q + 0*o - o - 648 = 0, -q = -3*o - 138. What are the prime factors of q?
3, 43
Let m be ((-1)/1)/((-2)/(-22)). Let q(d) be the first derivative of -d**2/2 - 7*d - 44. List the prime factors of q(m).
2
Let o be (-3)/12 + (-5)/(-4). Let h(c) = -c**2 - c + 1. Let a(t) = 6*t**2 - 1. Let x(w) = o*a(w) + 2*h(w). List the prime factors of x(1).
3
Suppose 0*d - 9 = 3*d. Let y = 53 - 53. List the prime factors of d/((-3)/18 + y).
2, 3
Suppose 0 = -i + 2 + 1. Let t = 2 - i. List the prime factors of (-4)/(-2)*(-1)/t.
2
Let j(v) = 2*v**2 - 2*v. Let a be j(2). Let y be 2/a - 382/(-4). What are the prime factors of (-6)/9 + y/9?
2, 5
Let s be -2*(-1 - 0) + 33. Suppose -5*c - 25 = 0, 130 = -5*j - 3*c + c. Let k = j + s. What are the prime factors of k?
11
What are the prime factors of (0 - -284)/(4 - 2)?
2, 71
Suppose k - 4*i = -175, -485 = 3*k - 5*i + i. Let a be k/(-2) - (-2)/4. Suppose -3*x = -a + 21. List the prime factors of x.
19
Let j = -10 + 15. Suppose -5*f - 3*k = -6*f + 19, 2*k = -j*f + 61. List the prime factors of f.
13
Let y = -349 - -592. What are the prime factors of y?
3
Let v = 9 + 41. Let n(g) = -g. Let s be n(0). Suppose -2*z + s*d + 2*d + 28 = 0, 5*z + 5*d - v = 0. List the prime factors of z.
2, 3
Let f(q) = -4*q - 6. Let o(w) = -w**3 - 7*w**2 - 6. Let y be o(-7). List the prime factors of f(y).
2, 3
Let h be 3/(-5) - 12/30. What are the prime factors of 3*8/3 + h?
7
Suppose -230 = -4*s - b + 2*b, 0 = -4*s - 5*b + 242. What are the prime factors of s?
2, 29
List the prime factors of (1003/51)/((-2)/(-12)).
2, 59
Let r = 3 - -1. Suppose r*m + 10 - 18 = 0. What are the prime factors of m?
2
Suppose 0 = -3*y + 4 + 2. Suppose 0*j - 4 = -y*j. List the prime factors of j.
2
Suppose b = j + 23, 0 = b - 3*j - j - 17. What are the prime factors of b?
5
Let w(p) be the third derivative of 0 + 0*p + 1/2*p**3 + 2*p**2 + 1/24*p**4. List the prime factors of w(0).
3
Let p be 11/3 - (-10)/(-15). Suppose 3*y - l - 45 = 0, p*l = 4*y - 0*l - 60. Suppose -1 = k - y. List the prime factors of k.
2, 7
Let f = 3 - -1. Let g be f/12 - (-29)/3. Let c = 21 - g. What are the prime factors of c?
11
Let g be -1 + -1 + (3 - -1). Suppose g*l = 7*l - 30. Suppose l*p = 3*p + 15. List the prime factors of p.
5
Suppose -3*z = 1 - 10. Suppose 0 = -z*b - 0 + 36. What are the prime factors of b?
2, 3
Suppose -3*j + 6*j - 5*r - 21 = 0, 3*r + 9 = 0. What are the prime factors of j?
2
Let l = 259 + -138. List the prime factors of l.
11
Suppose 4*o - 20 = -3*z, -4*o + 11 = z - 9. Suppose -o*m - 11 + 80 = -k, -4*k - 68 = -4*m. What are the prime factors of (-2 - 0) + 0 + m?
11
Let n be (27/(-6))/(6/(-8)). Suppose 0 = h - n. Let b = h - -7. What are the prime factors of b?
13
Let y be (80/(-24))/((-4)/6). Suppose j = y*j - 36. List the prime factors of j.
3
Let d = -25 - -38. What are the prime factors of d?
13
What are the prime factors of (1 - 4 - -1) + 14?
2, 3
Suppose -3*c = 3*u - 66, 0*c = -u + 2*c + 19. Let n = -11 + u. Let x = n + -4. What are the prime factors of x?
2, 3
Let h = 5 + -3. Suppose h*c + 2 - 16 = 0. Suppose -c = -p + 17. List the prime factors of p.
2, 3
Let q(i) = i**3 + 3*i**2 - 2*i + 2. Let k be (2 - (2 + 2)) + -1. Let s be q(k). Let z = s + 4. What are the prime factors of z?
2, 3
Suppose 6 + 10 = 4*y. Suppose -s - 25 = y*s. List the prime factors of 4*s/(-6)*3.
2, 5
Let t(z) = z**3 - 4*z**2 - 3*z - 7. Suppose -q - 2 = -2*q. Let r = 7 - q. List the prime factors of t(r).
3
Let s(l) = -l**3 + 10*l**2 - 13*l + 8. Let f be s(9). Let r(y) = y - 7. Let v be r(4). List the prime factors of (f/12)/(1/v).
7
Let x(m) = m**3 + 30*m**2 + 27*m - 8. What are the prime factors of x(-29)?
2, 5
Let q(n) = 2*n**2 + n - 2. Let u(w) = w**3 + 4*w**2 + 2*w - 1. Let h be u(-2). List the prime factors of q(h).
19
Suppose 3*h - 587 = -5*c, -7*h + 3*h - 5*c = -781. What are the prime factors of h?
2, 97
Let z(a) = 2*a**2 - 8*a + 5. Let x(g) = 4*g**2 - 15*g + 9. Let r(b) = -3*x(b) + 7*z(b). What are the prime factors of r(7)?
29
Let l = -171 - -329. List the prime factors of l.
2, 79
Let k be ((-3)/4)/(2/(-8)). Suppose -k*d + 4 = -2*d. Suppose 0 = -8*m + 4*m + 4*r + 52, d*r = -4*m + 44. What are the prime factors of m?
2, 3
Let q be 2*-4*(-28)/16. Suppose q = 4*c + 3*u, -c + 10 = -5*u - 5. Suppose -5*l = -h - 42 - 21, 2*l = c*h + 39. List the prime factors of l.
2, 3
Suppose 2*f - 5*q = 355, -2*q - 421 = -2*f - 51. What are the prime factors of f?
2, 5, 19
Suppose 0 = 3*x - 4*g - 62, -16 = -4*x - 5*g + 46. Suppose -2*h - 22 = -4*s, -5*s + 2*s = -3*h - x. Suppose -s*z + 12 = -3*z. What are the prime factors of z?
2, 3
Suppose 13 - 5 = -2*d. Let w(f) = f**3 + 4*f**2 - 4*f + 3. List the prime factors of w(d).
19
Suppose -6*s = -4*s. Suppose -5*w + 3*c + 92 = s, -5*w - 3*c + 53 + 15 = 0. What are the prime factors of w?
2
Let y(h) = h**3 + 9*h**2 + h - 3. Let d be y(-9). Let c = -85 + d. What are the prime factors of c/(-11) - 4/(-22)?
3
Let v = 6 + -3. Suppose -v*x = 26 - 8. What are the prime factors of (4/x)/((-4)/78)?
13
Let z(n) = -n**2 - 11*n - 4. Let r be (5/2)/((-2)/4). Let w be z(r). Let u = w + -16. What are the prime factors of u?
2, 5
Suppose -70 = -s - s. What are the prime factors of s?
5, 7
Let z(b) = b**2 - 3*b - 3. Let y be z(-2). Let g = y - 3. List the prime factors of g.
2
Let j(u) = u**3 - 11*u**2 - 4*u + 10. Let y be j(11). Let k = y - -55. What are the prime factors of k?
3, 7
Let x(c) = 5*c**2 - c + 1. Let v be x(1). Suppose 2*g + 3*b - 25 = 0, 0 = -2*g + 5*g + v*b - 40. Suppose -w - 2 + g = 0. List the prime factors o